{"id":345,"date":"2026-03-25T16:51:20","date_gmt":"2026-03-25T16:51:20","guid":{"rendered":"https:\/\/fersilvalaze.pt\/?page_id=345"},"modified":"2026-03-25T17:08:01","modified_gmt":"2026-03-25T17:08:01","slug":"servicos","status":"publish","type":"page","link":"https:\/\/fersilvalaze.pt\/index.php\/servicos\/","title":{"rendered":"Servi\u00e7os"},"content":{"rendered":"\n<div class=\"wp-block-group alignwide has-global-padding is-layout-constrained wp-container-core-group-is-layout-94f477ea wp-block-group-is-layout-constrained\" style=\"margin-bottom:var(--wp--preset--spacing--superbspacing-medium)\">\n<h2 class=\"wp-block-heading has-text-align-center has-contrast-color has-text-color\" style=\"font-size:clamp(24.034px, 1.502rem + ((1vw - 3.2px) * 1.663), 40px);\">Solu\u00e7\u00f5es Profissionais em Carpintaria e Pedra Acr\u00edlica<\/h2>\n\n\n\n<p class=\"has-text-align-center has-mono-2-color has-text-color has-superbfont-xsmall-font-size\" style=\"margin-top:var(--wp--preset--spacing--superbspacing-xsmall);margin-bottom:var(--wp--preset--spacing--superbspacing-xsmall)\">Na <strong>Fersilvalaze<\/strong>, combinamos experi\u00eancia, precis\u00e3o e tecnologia para oferecer solu\u00e7\u00f5es completas em carpintaria e pedra acr\u00edlica. Realizamos projetos personalizados para habita\u00e7\u00e3o, com\u00e9rcio e restaura\u00e7\u00e3o \u2014 incluindo espa\u00e7os de marcas reconhecidas como <strong>H3<\/strong> e <strong>Tomatino<\/strong>.<\/p>\n<\/div>\n\n\n\n<div class=\"wp-block-group alignfull has-global-padding is-layout-constrained wp-container-core-group-is-layout-233780e1 wp-block-group-is-layout-constrained\" style=\"margin-top:0;margin-bottom:0;padding-top:var(--wp--preset--spacing--superbspacing-xlarge);padding-right:var(--wp--preset--spacing--superbspacing-small);padding-bottom:var(--wp--preset--spacing--superbspacing-xlarge);padding-left:var(--wp--preset--spacing--superbspacing-small)\">\n<div class=\"wp-block-columns alignwide is-layout-flex wp-container-core-columns-is-layout-596307b8 wp-block-columns-is-layout-flex\">\n<div class=\"wp-block-column is-vertically-aligned-stretch has-border-color has-mono-3-border-color is-layout-flow wp-container-core-column-is-layout-82cd8202 wp-block-column-is-layout-flow\" style=\"border-width:1px;padding-top:25px;padding-right:25px;padding-bottom:25px;padding-left:25px\">\n<div class=\"wp-block-group has-global-padding is-layout-constrained wp-container-core-group-is-layout-85cc789f wp-block-group-is-layout-constrained\">\n<figure class=\"wp-block-image size-full is-resized\"><img fetchpriority=\"high\" decoding=\"async\" width=\"322\" height=\"286\" src=\"https:\/\/fersilvalaze.pt\/wp-content\/uploads\/2025\/10\/5d811c2b-edb7-4df7-9221-a9151fdf53f1.jpg\" alt=\"\" class=\"wp-image-113\" style=\"object-fit:cover;width:64px;height:auto\" srcset=\"https:\/\/fersilvalaze.pt\/wp-content\/uploads\/2025\/10\/5d811c2b-edb7-4df7-9221-a9151fdf53f1.jpg 322w, https:\/\/fersilvalaze.pt\/wp-content\/uploads\/2025\/10\/5d811c2b-edb7-4df7-9221-a9151fdf53f1-300x266.jpg 300w\" sizes=\"(max-width: 322px) 100vw, 322px\" \/><\/figure>\n\n\n\n<h3 class=\"wp-block-heading has-text-align-left has-contrast-color has-text-color\" style=\"font-size:clamp(14px, 0.875rem + ((1vw - 3.2px) * 0.625), 20px);\">Carpintaria Personalizada<\/h3>\n\n\n\n<p class=\"has-text-align-left has-mono-2-color has-text-color has-superbfont-xsmall-font-size\">Criamos pe\u00e7as e estruturas \u00fanicas em madeira, adaptadas a cada projeto.<br>Desde mobili\u00e1rio por medida at\u00e9 revestimentos e decora\u00e7\u00e3o de interiores, garantimos acabamentos de alta qualidade e total aten\u00e7\u00e3o ao detalhe.<\/p>\n<\/div>\n<\/div>\n\n\n\n<div class=\"wp-block-column is-vertically-aligned-stretch has-border-color has-mono-3-border-color is-layout-flow wp-container-core-column-is-layout-82cd8202 wp-block-column-is-layout-flow\" style=\"border-width:1px;padding-top:25px;padding-right:25px;padding-bottom:25px;padding-left:25px\">\n<figure class=\"wp-block-image size-full is-resized\"><img decoding=\"async\" width=\"286\" height=\"262\" src=\"https:\/\/fersilvalaze.pt\/wp-content\/uploads\/2025\/10\/19353958-121a-489a-a70f-3976a630847c.jpg\" alt=\"\" class=\"wp-image-114\" style=\"object-fit:cover;width:53px;height:53px\"\/><\/figure>\n\n\n\n<h3 class=\"wp-block-heading has-text-align-left has-contrast-color has-text-color\" style=\"font-size:clamp(14px, 0.875rem + ((1vw - 3.2px) * 0.625), 20px);\">Trabalhos em Pedra Acr\u00edlica<\/h3>\n\n\n\n<p class=\"has-text-align-left has-mono-2-color has-text-color has-superbfont-xsmall-font-size\">Especialistas em transforma\u00e7\u00e3o e montagem de <strong>superf\u00edcies s\u00f3lidas (solid surface)<\/strong>, produzimos bancadas, lavat\u00f3rios e mobili\u00e1rio em pedra acr\u00edlica. <\/p>\n\n\n\n<p class=\"has-text-align-left has-mono-2-color has-text-color has-superbfont-xsmall-font-size\">Oferecemos solu\u00e7\u00f5es resistentes, modernas e com design \u00e0 medida.<\/p>\n<\/div>\n\n\n\n<div class=\"wp-block-column is-vertically-aligned-stretch has-border-color has-mono-3-border-color is-layout-flow wp-container-core-column-is-layout-82cd8202 wp-block-column-is-layout-flow\" style=\"border-width:1px;padding-top:25px;padding-right:25px;padding-bottom:25px;padding-left:25px\">\n<figure class=\"wp-block-image size-full is-resized\"><img decoding=\"async\" width=\"265\" height=\"310\" src=\"https:\/\/fersilvalaze.pt\/wp-content\/uploads\/2025\/10\/975c4717-07eb-4c0c-89e8-c5dff75d95f9.jpg\" alt=\"\" class=\"wp-image-115\" style=\"object-fit:cover;width:53px;height:53px\" srcset=\"https:\/\/fersilvalaze.pt\/wp-content\/uploads\/2025\/10\/975c4717-07eb-4c0c-89e8-c5dff75d95f9.jpg 265w, https:\/\/fersilvalaze.pt\/wp-content\/uploads\/2025\/10\/975c4717-07eb-4c0c-89e8-c5dff75d95f9-256x300.jpg 256w\" sizes=\"(max-width: 265px) 100vw, 265px\" \/><\/figure>\n\n\n\n<h3 class=\"wp-block-heading has-text-align-left has-contrast-color has-text-color\" style=\"font-size:clamp(14px, 0.875rem + ((1vw - 3.2px) * 0.625), 20px);\">Corte e Fabrico CNC<\/h3>\n\n\n\n<p class=\"has-text-align-left has-mono-2-color has-text-color has-superbfont-xsmall-font-size\">Dispomos de tecnologia <strong>CNC de precis\u00e3o<\/strong>, ideal para cortes, grava\u00e7\u00f5es e produ\u00e7\u00f5es em s\u00e9rie com grande rigor e rapidez.<br>Perfeito para mobili\u00e1rio t\u00e9cnico, sinal\u00e9tica, decora\u00e7\u00e3o e componentes estruturais.<\/p>\n\n\n\n<p class=\"has-text-align-left has-mono-2-color has-text-color has-superbfont-xsmall-font-size\"><\/p>\n<\/div>\n\n\n\n<div class=\"wp-block-column is-vertically-aligned-stretch has-border-color has-mono-3-border-color is-layout-flow wp-container-core-column-is-layout-82cd8202 wp-block-column-is-layout-flow\" style=\"border-width:1px;padding-top:25px;padding-right:25px;padding-bottom:25px;padding-left:25px\">\n<figure class=\"wp-block-image size-full is-resized\"><img loading=\"lazy\" decoding=\"async\" width=\"279\" height=\"288\" src=\"https:\/\/fersilvalaze.pt\/wp-content\/uploads\/2025\/10\/f4bf0f97-5495-4d95-baa7-67dd34d65bb9.jpg\" alt=\"\" class=\"wp-image-116\" style=\"object-fit:cover;width:53px;height:53px\"\/><\/figure>\n\n\n\n<h3 class=\"wp-block-heading has-contrast-color has-text-color\" style=\"font-size:clamp(14px, 0.875rem + ((1vw - 3.2px) * 0.625), 20px);\">Lojas e Espa\u00e7os Comerciais<\/h3>\n\n\n\n<p class=\"has-text-align-left has-mono-2-color has-text-color has-superbfont-xsmall-font-size\">Executamos projetos completos de <strong>lojas e restaura\u00e7\u00e3o<\/strong>, desde o fabrico at\u00e9 \u00e0 instala\u00e7\u00e3o final.<br>A nossa equipa j\u00e1 realizou obras para marcas como <strong>H3<\/strong> e <strong>Tomatino<\/strong>, sempre com foco em prazos, qualidade e funcionalidade.<\/p>\n<\/div>\n<\/div>\n<\/div>\n","protected":false},"excerpt":{"rendered":"<p>Solu\u00e7\u00f5es Profissionais em Carpintaria e Pedra Acr\u00edlica Na Fersilvalaze, combinamos experi\u00eancia, precis\u00e3o e tecnologia para oferecer solu\u00e7\u00f5es completas em carpintaria e pedra acr\u00edlica. Realizamos projetos personalizados para habita\u00e7\u00e3o, com\u00e9rcio e restaura\u00e7\u00e3o \u2014 incluindo espa\u00e7os de marcas reconhecidas como H3 e Tomatino. Carpintaria Personalizada Criamos pe\u00e7as e estruturas \u00fanicas em madeira, adaptadas a cada projeto.Desde mobili\u00e1rio [&hellip;]<\/p>\n","protected":false},"author":1,"featured_media":0,"parent":0,"menu_order":0,"comment_status":"closed","ping_status":"closed","template":"superbaddons-page-template","meta":{"footnotes":""},"class_list":["post-345","page","type-page","status-publish","hentry"],"_links":{"self":[{"href":"https:\/\/fersilvalaze.pt\/index.php\/wp-json\/wp\/v2\/pages\/345","targetHints":{"allow":["GET"]}}],"collection":[{"href":"https:\/\/fersilvalaze.pt\/index.php\/wp-json\/wp\/v2\/pages"}],"about":[{"href":"https:\/\/fersilvalaze.pt\/index.php\/wp-json\/wp\/v2\/types\/page"}],"author":[{"embeddable":true,"href":"https:\/\/fersilvalaze.pt\/index.php\/wp-json\/wp\/v2\/users\/1"}],"replies":[{"embeddable":true,"href":"https:\/\/fersilvalaze.pt\/index.php\/wp-json\/wp\/v2\/comments?post=345"}],"version-history":[{"count":7,"href":"https:\/\/fersilvalaze.pt\/index.php\/wp-json\/wp\/v2\/pages\/345\/revisions"}],"predecessor-version":[{"id":364,"href":"https:\/\/fersilvalaze.pt\/index.php\/wp-json\/wp\/v2\/pages\/345\/revisions\/364"}],"wp:attachment":[{"href":"https:\/\/fersilvalaze.pt\/index.php\/wp-json\/wp\/v2\/media?parent=345"}],"curies":[{"name":"wp","href":"https:\/\/api.w.org\/{rel}","templated":true}]}}